et i = -36 - -22. Let a = i - -20. Let f = a + -1. What is the units digit of f?
5
Let n(r) = r**2 - 4*r**2 + 4*r**2 - 4*r**2 + r - 2*r**3 + 2. Let u be n(-2). Suppose -b - 3 + u = 0. What is the units digit of b?
1
Let l(q) = -q**2 + 3*q - 2. Suppose 4*c = 6*c - 8. Let w be l(c). What is the units digit of (w/9)/(4/(-18))?
3
Suppose -3*o = -4*o - 1. What is the units digit of o + 15 + -1 + 0?
3
Suppose u - 5 - 3 = 0. What is the units digit of u?
8
Let m = 860 - 588. What is the units digit of m?
2
Let q(w) = -w**2 + 3*w + 5. Let z be q(4). Let d = 8 + z. What is the units digit of d?
9
Let b be (-2)/4 + 3/(-2). What is the units digit of (1 - 0)/(-1)*b?
2
Let i = -23 + 25. Suppose -23 = -i*f + 5. What is the units digit of f?
4
Let v = 3 - 0. Suppose -2*i = 3*z, -3 = -3*z + 6*z + v*i. Suppose -3*j + 21 = 7*y - 5*y, 0 = -z*y + 5*j - 19. What is the units digit of y?
3
Let q(u) be the second derivative of 0 + 2*u + 0*u**2 + 1/3*u**3. What is the units digit of q(3)?
6
Let d = 258 - 178. What is the tens digit of d?
8
Suppose -3*f + 142 = 4*v - 229, 25 = 5*v. What is the hundreds digit of f?
1
What is the tens digit of -4*2/10*-170?
3
Suppose 4*t - 6*y - 500 = -2*y, 0 = 2*t + 2*y - 250. Let k = t + -74. What is the tens digit of k?
5
Suppose c + 23 = -0*c. Let r = -13 - c. What is the units digit of r?
0
Let c be (-20)/6*(-9)/6. Suppose 2*a - 3*g - 4 = -34, c*a + 25 = -5*g. What is the units digit of 15/(a/4 - -3)?
0
Let v = -1 + 4. Let w be (-1)/v*(-12)/2. Suppose 0 = -5*q - w*o + 40, -4*o = -2*q + 3 + 13. What is the units digit of q?
8
Suppose -24 = -5*u - m - 2, -3 = m. Suppose 10 + 10 = -u*y. Let s(k) = -k + 3. What is the units digit of s(y)?
7
Let h = -69 - -124. What is the units digit of h?
5
Let j(c) = c**2 + 10*c + 6. What is the units digit of j(-12)?
0
Let j be 1 + 1 + 19/(-1). Let k(h) = h**3 + 16*h**2 - 19*h + 2. What is the tens digit of k(j)?
3
Let i(h) = -h + 1. Let t be i(-16). Suppose -3*p + t = 4*c, 0 = -4*p + 3*p + 4*c + 27. What is the units digit of p?
1
Suppose 0 = -3*h - f + 14, -2*h - 19 = -5*f. Let j = h - -1. What is the units digit of j?
4
Let z(b) = -2*b**3 - 8*b**2 + 5*b - 6. Let j be z(6). What is the tens digit of (j/(-30))/(2/5)?
5
Let c(i) = -3*i**3 - 4*i**2 - 4. Let y(z) = z**3 + z. Let w(x) = c(x) + 4*y(x). What is the units digit of w(4)?
2
Let t(j) = 2*j + 1. Let s be t(2). Suppose 0 = -4*a + s*a - 7. What is the units digit of a?
7
Suppose 4*y - 6*y - 2*n + 38 = 0, y - 18 = -2*n. What is the tens digit of y?
2
Let h = -15 - -20. Suppose h*q - 191 = -6*i + 2*i, -51 = -q - 4*i. What is the tens digit of q?
3
Suppose 0 = p - 4 + 2. Suppose -3*j = -28 - 26. Suppose -l - j = -p*l. What is the tens digit of l?
1
Let k = -74 + 33. Let q = 65 + k. What is the units digit of q?
4
Suppose 759 = 2*u + 201. What is the units digit of u/6 + (-5)/10?
6
Let i(b) = -b - 4. Let s be i(0). Let o(m) = m + 5. Let t be o(s). Suppose t = 5*v - 4. What is the units digit of v?
1
Suppose 3*o = -145 - 779. What is the tens digit of 16/104 + o/(-26)?
1
Let o be (-1036)/(-21) - 2/(-3). Suppose -3*l - o = 2*l. What is the units digit of ((-5)/l)/(2/20)?
5
Let d(c) be the second derivative of -c**4/12 + 23*c**2/2 - 6*c. What is the units digit of d(0)?
3
Suppose 8*u - 7*u - 98 = 0. What is the units digit of u?
8
Suppose 0 = -4*w - 3*p - p - 128, 0 = -5*p - 10. What is the units digit of 2/6 - 350/w?
2
Let c = -10 + 13. Suppose -2*t + 20 = 2*q - 5*t, -c*q - t = -8. Suppose -2*v + 0*v + 93 = 5*f, -q*f = 4*v - 84. What is the units digit of f?
7
Suppose g - 9 = -2*g. Suppose -3*i - g*v + 50 = v, -4*v = -2*i. What is the tens digit of i?
1
Suppose 3*s = 2*d + 13, 4*s + s - 28 = -3*d. What is the units digit of s?
5
Suppose 0 = 5*u - 1 - 4. Let v = 2 - u. Suppose 0 = -n + 4 + v. What is the units digit of n?
5
Let u = 8 - 4. Let n = 29 + u. What is the units digit of n?
3
Suppose -24 = -5*m + 96. What is the tens digit of m?
2
Suppose -8*v = -3*v - 2145. What is the units digit of v?
9
Let l(o) = o**3 - 3*o**2 - o - 7. What is the units digit of l(5)?
8
Suppose z - 2*i = 45, -2*z = i - 43 - 22. What is the tens digit of z?
3
What is the units digit of (-4 - -4) + (-1 - -13)?
2
Let y(p) = 3*p**2 + 2*p + 3. Let u be y(-2). Suppose 18 = -2*b + 4*g, 0 = 2*b - 3*g - 1 + 17. Let j = b + u. What is the units digit of j?
6
Let z(m) = 15*m**2 + 1. Let r be -2 + (-2)/((-8)/12). What is the units digit of z(r)?
6
Suppose 4*z + 7 = -1. Let u be (-89)/(-5) + z/(-10). What is the units digit of (-3)/(-6)*u - 0?
9
Let r(s) = 2*s**3 - 9*s**2 - 3*s + 10. Let t(d) = 3*d + 9*d**2 - 17 + 8 + d - d**3. Let x(v) = 2*r(v) + 3*t(v). What is the units digit of x(-8)?
9
Let l(t) = t**3 - 4*t**2 + 3*t - 1. Let x be l(4). Let w = x + 12. What is the units digit of w?
3
Let d be 2/(-3) + (-60)/(-9). Let s = d + -1. Suppose 0 = -5*q - s*g, 0 = -3*g - 1 - 2. What is the units digit of q?
1
Let i be (3/2)/((-3)/(-4)). Let j(o) = -3*o - 3. Let n(h) = h + 2. Let m(z) = i*j(z) + 5*n(z). What is the units digit of m(-3)?
7
Let p be 2/(-5)*-9*5. Let q = 11 - p. Let j = -4 - q. What is the units digit of j?
3
Let f = -3 - -8. Suppose -f*d + 12 = 2. What is the units digit of d?
2
Suppose 2*k - 4*g = -34, 3*k + 72 = -5*g - 34. Let w = 46 + k. What is the units digit of w?
9
Suppose -y + 4*a + 20 = 0, 3*a + 34 = 3*y - 44. What is the tens digit of y?
2
Let l(z) = 7*z - 7. Let f(q) = 3*q - 4. Let b(s) = 5*f(s) - 2*l(s). Let p be b(6). Suppose p = 4*d - 75 + 23. What is the tens digit of d?
1
What is the units digit of 3/(458/(-116) - -4)?
8
Suppose 5*g - 1110 = 3*v, -4*g = -2*g + v - 433. What is the units digit of g?
9
Let g be 0 - -1*2 - 0. Let o = g - 5. Let u = o - -4. What is the units digit of u?
1
Let p(f) = f**3 - 5*f**2 + 4. Let x(v) = -v**2 - 5*v + 9. Let i be x(-7). Let d = 0 - i. What is the units digit of p(d)?
4
Suppose 5*n + 0*n + 5*z - 460 = 0, -4*n = 3*z - 372. What is the tens digit of n?
9
Let a(m) = -m**3 - 10*m**2 - 8*m - 1. Let s be a(-9). Let n = 16 + s. What is the units digit of n?
6
Let h = -10 - -20. Let a be (-2)/8 - h/(-8). Suppose 2*i = -5*v - a, -5*i + 2*v + 88 = 18. What is the units digit of i?
2
Let x(u) = 98*u**2 - 2. What is the tens digit of x(1)?
9
Let y = -4 - -7. Let j be ((-2)/(-2))/(y/84). Suppose 3*h + h - j = 0. What is the units digit of h?
7
Suppose -2*f - 2 = 6. Let k be -5 + (0/(-1))/2. Let q = f - k. What is the units digit of q?
1
Let s(z) = -z + 3 + 3 - 1 + 0*z. What is the units digit of s(0)?
5
Let s = 16 + -4. Suppose a - 5 = -s. What is the units digit of (3 - 5 - a) + -3?
2
Let u be 0/2*(-3 + 4). Suppose -3*r + 19 + 77 = u. What is the tens digit of r?
3
Let x be ((-42)/(-4))/((-6)/(-8)). Suppose 0 = 8*f - 3*f + 25, 0 = g - 2*f - x. Suppose 3*v - 7 = -g*y + 25, -v - 6 = -2*y. What is the units digit of y?
5
Let r = 3 - 6. Let h = r + 7. What is the units digit of 1/((4/7)/h)?
7
Suppose -5*s - 60 = -7*s. What is the tens digit of s?
3
Let g(z) = -2*z - 7. Let c(u) = -4*u - 13. Let j(o) = 6*c(o) - 11*g(o). Suppose -q - 5 = -v - 1, -q - 6 = v. What is the units digit of j(q)?
9
Let d = 0 - -2. Let s be (-2)/d + 1 + 1. Suppose -2*q + s = -1, -h = 4*q - 13. What is the units digit of h?
9
Let o be 4/(1 + -2 + 2). Suppose o*a = -3*g + 8, -5*a = -3*g - 4*a - 2. What is the units digit of (-1 - g)/(3/(-24))?
8
Suppose -4*h + 0 = -2*d + 6, -h = 5*d - 26. Suppose -3*z - w = -14, w = 6*w + d. Suppose -52 = -z*l + l. What is the units digit of l?
3
Let i be 5/20 + (-18)/8. What is the units digit of 4 - 1 - 2/i?
4
Suppose 5*w + c = -27 + 194, 163 = 5*w - c. What is the units digit of w?
3
Suppose 3*d = -5*j - 8, 10 = -5*d - 7*j + 2*j. Let o(h) = h**3 + 6*h**2 - 4*h + 10. Let t be o(-7). Let q = d - t. What is the tens digit of q?
1
Let n = 14 + 57. What is the units digit of n?
1
Let v(j) = 6*j**3 - 7*j**2 - 2*j - 4. What is the hundreds digit of v(4)?
2
Let q be (-22)/(-8) - (-3)/12. Suppose -5*c + 17 = -q*j - 72, c = 5*j + 141. Let s = -18 - j. What is the units digit of s?
0
Suppose 5*y = 21 + 84. Let t be 1/(-3) - (-7)/y. Suppose t*c = -3*c + 15. What is the units digit of c?
5
Suppose c + c = 124. Suppose 3*d - c = -20. What is the tens digit of d + 1 - (1 + 2)?
1
Suppose 3*j = -14 + 2. What is the tens digit of 96/30*(-30)